t d(q) = 2 + 14*q - 1 + 0 - h*q. Determine d(x).
13
Let j(g) be the first derivative of 9/2*g**2 + 59 - 8/3*g**3 - g - 1/4*g**4. Determine j(-9).
-1
Let p(h) be the first derivative of -1/4*h**4 + 314 + 5*h - 3/2*h**2 + h**3. Give p(3).
-4
Let i = 15337 + -15344. Let t(u) be the second derivative of -u**5/20 - 2*u**4/3 - u**3 - 4*u**2 + 10*u. Determine t(i).
-15
Let g(w) = -257*w - 3355. Let o be g(-13). Let z(c) = 2*c**2 + 28*c - 8. What is z(o)?
-8
Let r(b) be the second derivative of -b**3/6 - 2*b. Let z(h) = 5*h - 3. Suppose -2*t - 2 = c, 0 = -t - 2*c - 19 + 12. Let d(p) = t*z(p) + 3*r(p). Give d(4).
5
Let b(y) be the third derivative of 1/3*y**4 + 1/120*y**6 + 4/3*y**3 + 0 + 9*y**2 + 11/60*y**5 - 5*y. What is b(-10)?
28
Let k(w) = -w**3 + 7*w**2 - 8*w - 5. Let v(j) = 7*j**3 + j**2 + j - 3. Let y(q) = -q**2 - 30*q - 80. Let g be y(-27). Let m be v(g). Give k(m).
-17
Let t = 34698 + -34695. Let g(f) be the second derivative of 0 - 1/20*f**5 + 1/3*f**4 + f**2 + 5*f + 0*f**t. Calculate g(3).
11
Let l(n) = 0*n**2 - n**2 + 10 + 9*n + 6*n - 5*n. Let t be l(11). Let b(f) = -27*f**2. Give b(t).
-27
Let v(x) be the second derivative of x**5/20 + x**4/12 + x**3/6 + 4*x**2 - x. Suppose -101040*g = -101059*g. Determine v(g).
8
Let r(h) be the third derivative of -h**7/1260 - h**6/120 + h**5/120 - 13*h**4/6 - 2*h**2 + 1. Let n(a) be the second derivative of r(a). Give n(-6).
-35
Suppose 0 = -3*g + 12. Suppose 5*v - 4 = g*b - 9, 0 = 5*v + 2*b + 35. Let d(h) = h - 1. Determine d(v).
-6
Let g(w) be the first derivative of -5*w**2 + 10 + 2*w + w**2 + 2*w**2 + 10*w. Determine g(5).
-8
Let d(q) be the second derivative of 3*q - 3/2*q**2 + 0 + 1/3*q**3. Suppose 95*w - 115*w - 60 = 0. Give d(w).
-9
Let q(n) = -4*n - 15. Let k(l) = -116*l - 3350. Let m be k(-29). Calculate q(m).
-71
Let z(w) be the second derivative of w**4/24 - 2*w**3/3 - 20*w**2 - 61*w. Let n(y) be the first derivative of z(y). Determine n(3).
-1
Let x(g) = g**3 + 25*g**2 + g + 28. Let i be x(-25). Let s(p) = 0*p - 15*p - p + i + 11*p. Calculate s(3).
-12
Suppose -l = -3*r - 1, 4*r - 2 = -l - 15. Let d(m) = 4*m - 3*m**2 + 3 + 3*m**2 + 2*m**2. Let v(h) = 4*h**2 + 7*h + 5. Let s(x) = -5*d(x) + 3*v(x). What is s(r)?
6
Let k = 14 - 12. Let d(m) = -14 - m**k - 6*m**2 - 8*m**2 + 4*m**2 + 12*m + m**3. Calculate d(10).
6
Let n(x) = -3 + 15*x**2 - x - 22*x**2 + 6*x**2 + 2 - 3*x. Suppose -19 = 5*v + q - 7, -4*q + 3 = 3*v. Calculate n(v).
2
Let k(x) = -5*x**3 + x**2 - 2*x + 1. Let w(t) = 2*t**3 + 4*t**2 + 1. Let d(a) = k(a) + w(a). What is d(2)?
-6
Let u(j) be the second derivative of 5*j**3/2 + 5*j**2 + 1057*j. What is u(-4)?
-50
Let d(s) be the first derivative of -s**3/3 - s**2 + 36*s - 2237. Determine d(5).
1
Suppose 0 = -2*b - 3*b. Let u(q) be the second derivative of -q**5/20 - q**4/12 + 15*q**2/2 - 315*q. Give u(b).
15
Suppose 18*c = 15*c - 30. Let p(k) = k + 5. Let t(d) = -d - 4. Let u(m) = -4*p(m) - 3*t(m). Give u(c).
2
Let m(b) = 238*b + 4. Let v(t) = 173*t + 3. Let q(n) = 8*m(n) - 11*v(n). What is q(-2)?
-3
Let r(w) be the second derivative of w**5/10 - 7*w**4/6 + 4*w**3 - 81*w**2 + 14*w - 41. Calculate r(7).
6
Let r(a) be the third derivative of -a**5/3 - 3*a**4/8 + 7*a**3/6 + 120*a**2. Let q(l) = -11*l**2 - 5*l + 4. Let n(p) = 5*q(p) - 3*r(p). Determine n(1).
6
Let o(x) = x**2 + 7*x + 0*x**2 - 19 + 11. Let v = -68 + 112. Let k = v - 51. Give o(k).
-8
Let u(o) = 10*o**3 - 40*o**2 - 2*o + 4. Let l be u(4). Let t(v) be the first derivative of v**3/3 + 2*v**2 - 9*v + 23. What is t(l)?
-9
Let r(t) = 17*t**2 + 15*t - 52. Let p(q) = 10*q**2 + 7*q - 27. Let k(d) = 5*p(d) - 3*r(d). Determine k(-8).
37
Let u(p) be the third derivative of p**6/120 + 13*p**5/60 + 3*p**4/4 - 7*p**3/3 + 856*p**2 - 2. What is u(-11)?
30
Suppose 2*b - 5*q = 23, q = -1 - 2. Let v(y) be the third derivative of 0*y**3 - 1/6*y**4 + 1/120*y**6 + 14*y**2 + 0 + 0*y - 1/20*y**5. What is v(b)?
0
Let p(n) = 27*n + 120. Let m be p(27). Let d(v) = 1702*v - 13 - m*v - 852*v. Suppose -a + 1 = 5*j - 37, -3*j = -5*a - 34. Give d(j).
-5
Let j(v) = v**3 - 3*v - 2. Let k(x) = x**3 - 12*x**2 - 13*x - 5. Let b be k(13). Let g(a) = 3*a**2 + 13*a - 13. Let w be g(b). Determine j(w).
-20
Let i(n) = -4*n**2 - 14*n + n**2 - 4 + 9 + 6 + n**3 + 18. Let t be i(2). Let y(c) = 5*c**2 + 3*c - 1. Calculate y(t).
35
Let s(f) = 69*f**2 - 7*f - 6. Let d be s(-1). Suppose 90 = -5*v + d. Let z(t) = t**2 + 4*t - 5. Determine z(v).
-5
Let m(o) = -2*o - 9. Let t(l) = 30*l - 75. Let k(v) = 11*m(v) + t(v). Determine k(21).
-6
Let a(s) = 3*s + 2. Let x(y) = -y**2. Let p(k) = -a(k) - x(k). Suppose -4*h = -h - 69. Let b = h - 21. What is p(b)?
-4
Let g(u) be the third derivative of u**6/60 + u**5/30 - u**3/6 + 3*u**2. Suppose 0*c + 20 = 19*c + 1. What is g(c)?
3
Let q(g) = g**3 + 4*g**2 - g - 2. Suppose 6*h - 286 = 4*h + 2*w, 2*w = -5*h + 701. Suppose 0 = 4*a - 125 + h. Calculate q(a).
2
Let b(v) = 2 + 3 - 4. Let g(l) = -l**2 - 5*l - 10. Let p(w) = 6*b(w) + g(w). Suppose -4*t - 2*f + 7 = 35, -4*t - 4*f - 32 = 0. Calculate p(t).
-10
Suppose 0 = 3*j + 7*j - 10. Let a(n) be the second derivative of n**4/12 - n**3/6 + 5*n**2 + 7*n. Let s(o) be the first derivative of a(o). Give s(j).
1
Let t(d) = -d**3 - 15*d**2 + 8*d - 136. Let k be t(-16). Let f(z) = -19*z - 156. Calculate f(k).
-4
Suppose -155*o + 426 = -2054. Let k(d) = d - 49. Calculate k(o).
-33
Let d be 18/243 - 1650/(-2835)*-7. Let t(n) = 4*n**2 - 3*n**2 + 4*n + 2 - 2*n. Give t(d).
10
Let n(q) be the first derivative of -q**6/360 - q**5/40 + q**4/8 + 2*q**3/3 - 3*q - 42. Let c(t) be the third derivative of n(t). Give c(-3).
3
Suppose 3*m - x = 9, 3*m - 1 = m - x. Let j(s) = 10*s - 67*s**3 - 15*s**2 + 6 + 68*s**3 + 4*s**m. Give j(10).
6
Let g(h) = 23*h + 64. Let n be -2*((-81)/5)/9*5/(-6). What is g(n)?
-5
Let x(j) = 3*j + 3. Let t(h) = 6*h + 7. Let i(g) = 2*t(g) - 5*x(g). Suppose -o + f + 19 = 23, 0 = 3*o - 2*f + 7. Calculate i(o).
-4
Let p(d) = -87*d - 5 + 104*d - 21*d. What is p(-1)?
-1
Let w(g) be the third derivative of 1/60*g**5 + 0 + 24*g**2 - 1/12*g**4 - 1/6*g**3 - 4*g. Let y(f) = f - 1. Let q be y(3). Give w(q).
-1
Let k(n) = -14*n - 1. Let f(o) = -12*o - 3. Let l(a) = -4*f(a) + 3*k(a). Give l(2).
21
Let u(s) = -232*s - 465. Let x be u(-2). Let z(g) be the second derivative of g**3/3 - g**2 - 2*g. Determine z(x).
-4
Let v(b) = -558*b + 578. Let a be v(1). Let f(r) = -r + 34. Give f(a).
14
Let q be (-2)/3*(1 - -5). Let c(d) = 2 + 243*d**2 - 8 + 5 - 508*d**2 + 266*d**2 - d + 2*d. Give c(q).
11
Suppose 23*l + 336 = 1 + 59. Let z(d) = d**3 + 13*d**2 + 12*d - 3. Give z(l).
-3
Let i(m) = 7*m + 2. Let k(l) = 15*l + 3. Let d(h) = 5*i(h) - 2*k(h). Let t(a) = 13*a + 559. Let c be t(-43). What is d(c)?
4
Let j(x) be the third derivative of -x**5/60 - 5*x**4/24 + 5*x**3/3 - 6497*x**2. Let v be 2/(-3)*2*6. Determine j(v).
-14
Suppose 5*r + 15 = -u, 5*r - 4*u + 36 = r. Let n(x) = x**2 - 5*x + 3. Give n(r).
39
Let b = 36 - 40. Let d(f) be the third derivative of 0*f + 25*f**2 + 5/24*f**4 + 0 + 1/6*f**3. Determine d(b).
-19
Let j(c) = -c**3 + 6*c**2 - 2*c - 3. Suppose -5*h + 5*g = -15, g - 5 - 2 = -h. Calculate j(h).
12
Suppose 5*i + 17 = 3*d, i = -2*d - i + 6. Suppose -l + d*a - a + 62 = 0, 3*l - a - 178 = 0. Let g = 59 - l. Let z(p) = p**2 - 12. Give z(g).
-12
Let v(a) be the first derivative of -a**2/2 + 7*a + 19865. Let h = 3 + -9. Give v(h).
13
Let h(r) = r + 22 + 18 - 44. Let l(g) = 7*g - 21. Let x(n) = -21*h(n) + 4*l(n). Determine x(-1).
-7
Let h(s) = -s**3 - 36*s**2 + s + 39. Let n be h(-36). Let g(j) = 7*j**n + 15*j**3 - 18 - 2*j**3 - 19*j**3 - j. Let b = 1 - 1. Calculate g(b).
-18
Let r(i) = -i**3 + 5*i**2 + 5*i + 4. Let a = -103 - -124. Suppose -8*s - a = -69. What is r(s)?
-2
Suppose -4*q = -0*q. Let y(x) = 302*x - 8. Let o(g) = -67*g + 2. Let v(n) = -9*o(n) - 2*y(n). Calculate v(q).
-2
Let n = -2330 - -2338. Let q(z) = -z. Give q(n).
-8
Let t = 11277 - 11336. Let v(l) = -l**3 - 58*l**2 + 55*l - 233. Calculate v(t).
3
Let v(d) = -4*d + 8. Let n be ((-25)/5)/25 - (-56)/(-20). Let t(z) = 3*z - 7. Let k(s) = n*t(s) - 2*v(s). Let h = -4 + 10. Give k(h).
-1
Let g(y) = 20 + 30*y + 36 + 2437*y**2 - 2435*y**2. Determine g(-13).
4
Let u be 2/10 - 62*(-15)/(-25). Let k = -16 - u. Let m be 1 + k/(3 - 0). Let q(t) = 